2) + -2 + 2.
-2
Evaluate -11 + -1 + (-7 - -11) - -3.
-5
(3 + 0 - (6 + -2)) + -3
-4
Evaluate 4 + 1 + (-25 - (-8 + -6)).
-6
What is the value of 15 + -24 + (11 - 1)?
1
Calculate 2 + 1 + -9 + 8.
2
What is -2 - (-15 - -1) - 13?
-1
Calculate 10 + 9 + -2 + (-6 - 9).
2
0 - (10 + -3 + -3)
-4
What is -8 + (-4 - -5 - -3) + 1?
-3
Calculate -1 + -1 - (-11 - (-14 + 5)).
0
What is 6 - (2 + 1 - (-2 - 0))?
1
What is the value of 1 - (-7 - -6) - 3?
-1
What is 3 + -1 + 1 + -1?
2
Evaluate 1 - (0 + 1) - (28 - 27).
-1
What is -2 - (-5 + 4) - -2?
1
Calculate -16 - (10 - 0) - -15.
-11
What is -4 + (5 - 10 - 0)?
-9
-1 - -3 - (8 + -11 + 1)
4
Calculate 6 - (4 + 2 + -1 + -5).
6
Calculate 4 + (-2 - 0) + 3.
5
What is the value of 4 - ((14 - -3) + -4 + -3)?
-6
What is the value of (-6 - -8) + -3 + 0?
-1
Evaluate (4 - 4 - -2) + 1 + -2.
1
-21 + 16 + 2 + 1
-2
Evaluate -3 - (-3 + (-5 - (-2 - 2))).
1
Calculate -2 + 2 + -21 + 26.
5
Evaluate 21 + (2 - (0 + 8)) + -7.
8
What is the value of 0 - 4 - (-17 + 5 - -6)?
2
0 + (4 - (4 - 2) - -1)
3
Evaluate 2 + -6 + (0 - -4).
0
1 + 0 + 5 - 6
0
What is (-3 - -4 - 3) + 4?
2
What is (-8 - 1) + 3 + 2 + 9?
5
-7 - -6 - (1 + 2 + -3)
-1
What is (1 - 2) + (51 - 46)?
4
Evaluate (-8 - -8) + -3 + 1.
-2
Evaluate (-21 - -19) + (-3 - (-1 - -1)).
-5
Evaluate 3 - (2 - (3 + 0) - -6).
-2
What is -35 - -21 - -14 - (1 + 0)?
-1
What is the value of (2 - 7) + 12 - (1 - -1)?
5
What is the value of 6 + 0 - (155 + -154)?
5
What is (10 - 7) + -12 + 4?
-5
Calculate (-1 - 1) + (23 - 19).
2
2 + -5 + (-2 - -2)
-3
1 + -1 - (4 + 0)
-4
What is 3 + (-2 - 0 - 0) - 2?
-1
Calculate 3 + 1 - (3 + -4 - -3).
2
What is the value of 9 + -19 + 9 + 1?
0
What is the value of (1 - (3 + -1 - 7)) + -1?
5
What is (-1 - -3) + 6 + -10?
-2
What is -1 + (10 - 11) - -9?
7
Calculate -3 - -1 - (2 - 8).
4
Calculate 6 + (-9 + (1 - -5) - -5).
8
Calculate (1 - -3) + 7 + 7 + -19.
-1
Calculate 1 + 6 + 0 - 3.
4
What is -1 - 4 - (-2 + -1 + 0)?
-2
What is the value of -4 + 16 + -3 + -4?
5
What is the value of 3 + -12 + (-1 - -4) - -2?
-4
What is the value of 0 + 0 - (14 + -9 + -4)?
-1
What is the value of (-1 - 3) + 1 - -7?
4
Evaluate -7 + (-1 - -5 - 0).
-3
What is the value of 1 - (-6 + (-1 - -5) - -6)?
-3
Calculate 1 - (9 + 1) - -14.
5
Evaluate 3 + -2 + (51 - 56).
-4
What is the value of (11 - 4) + (-2 + 2 - 3)?
4
(-3 - -13 - 2) + -3 + -1
4
What is -3 - (-1 + 5) - -2?
-5
Calculate -3 + 3 + -6 + 13.
7
What is -9 + 10 + 7 + -8?
0
3 + 0 - (1 + 2 + -4)
4
0 + 1 + -1 + 16 + -22
-6
What is the value of (0 - -1) + -4 - -7?
4
What is the value of (-7 - 0 - 0) + 7?
0
What is 4 + -2 + 0 + 3?
5
What is the value of 19 + (-2 - -2 - 13)?
6
Evaluate -5 - (1 - 3 - 2).
-1
What is (-8 - -4 - (-16 + 2)) + -8?
2
Evaluate 1 + (-18 + 10 - -1).
-6
What is -1 - ((-5 - 3) + 7 - 5)?
5
Calculate (-14 - -1) + (23 - 18) + 3.
-5
Calculate (-5 - -2) + (-37 - -41).
1
Evaluate 3 + 1 + (-14 - -5).
-5
Evaluate -1 - 3 - ((-13 - 6) + 9).
6
What is the value of -8 - -5 - (0 + -9 + 2)?
4
Evaluate 6 + 0 - (4 + 0 + -1).
3
What is the value of 6 - (-5 - (-2 + -5))?
4
Calculate 1 - (-4 + 5 - -3) - 3.
-6
Calculate (1 - 3) + (-10 - -11).
-1
(-11 - (-9 + 3)) + 14
9
What is -2 + 13 + -6 - -1?
6
(3 - -1 - (-13 + 10)) + -2
5
What is the value of -23 + (9 + 16 - 12)?
-10
What is the value of 10 + (3 + -7 - 0)?
6
Calculate 6 - (-7 + 0 + 11).
2
Evaluate (6 - 11) + -1 - -5.
-1
What is 3 - (7 + 7 + -8)?
-3
Calculate -1 + (-6 + 3 - -7) + -1.
2
-4 + (-2 - -7) - (1 - -3)
-3
-1 - (-3 + (-4 + 8 - -2))
-4
Evaluate (2 - 4) + (-3 - 0).
-5
Evaluate (1 - 3) + 5 + -9 - 2.
-8
What is the value of -1 + 2 - (3 + -4)?
2
What is the value of 1 + (-14 - -7 - -12)?
6
Evaluate -7 - -2 - (-4 - (-4 - -3)).
-2
-3 - -3 - 2 - (-12 + 12)
-2
Calculate 1 + -15 + (11 - 4).
-7
Calculate (22 - 20) + 3 + -5.
0
Calculate 3 - (6 - (-3 + -1 - -8)).
1
4 - (6 - (4 - 2))
0
What is the value of (-5 - -3) + -8 - -3?
-7
6 - 10 - (-10 + 1)
5
Evaluate -3 + -1 + 4 + -1.
-1
What is 0 + 0 + (3 - -2 - 1)?
4
2 - 1 - (-6 - (-4 + 1))
4
Calculate 14 + 8 + -23 - (8 - 2).
-7
Calculate (4 - (-10 - -16)) + (7 - -1).
6
What is the value of 5 + (1 - (5 + 3)) + -3?
-5
-2 - ((-1 - 2) + 0 + -1)
2
Evaluate (-4 - -1) + (4 - -4 - 7).
-2
What is -6 - (-5 + (3 - 0))?
-4
What is the value of -2 + -5 + 1 + (3 - 1)?
-4
Calculate (2 - -2) + (3 - (2 - -3)).
2
3 + (9 + -16 - 4)
-8
What is 16 + -1 + -2 + 0 + -7?
6
What is the value of -14 - -11 - (4 + 1 - -2)?
-10
Calculate 0 - (-2 + 3 + 2).
-3
-4 - (-11 - (4 + -10))
1
Evaluate -3 + 8 - (14 + -6).
-3
What is the value of 6 + 0 - (-5 + 4 - -3)?
4
What is the value of -43 - -44 - (0 + (0 - -6))?
-5
What is the value of -1 - ((5 - 7) + -4)?
5
What is -2 - (-4 + 7 - 1)?
-4
Evaluate -1 + 1 + 3 + -6 + 8.
5
Evaluate -1 + -2 + 6 + -1 - 0.
2
Calculate 3 + 3 + -7 + 0.
-1
Evaluate 0 + -2 + (2 - 1).
-1
Evaluate -5 - 0 - -1 - -3.
-1
-1 + 7 + (15 - 27) + 7
1
8 - ((0 - 5 - 2) + 14)
1
Evaluate 2 + (8 - (2 - (2 - 5))).
5
-5 - (-8 - (1 - -6)) - 5
5
What is 1 + 12 + -12 + -2?
-1
Calculate (3 - 6) + 12 + -4 + -2.
3
What is the value of (-5 - 2) + (-12 - -24)?
5
What is the value of 6 - 9 - (-2 + 4)?
-5
Calculate (2 - (0 + -11)) + -10.
3
What is -4 - (1 + -4 + 4)?
-5
What is the value of (-5 - (3 + -8)) + (2 - -3)?
5
What is the value of 7 - (-2 - (-1 + (6 - 13)))?
1
1 + -2 - (9 + 15 + -17)
-8
Evaluate 77 + -75 - (-1 - -7).
-4
What is 7 + (-13 - (-3 - 4))?
1
Calculate 10 + (7 - (-7 - -27)).
-3
What is the value of -2 - (1 - (1 + -2))?
-4
Calculate (1 - 1) + 2 + (7 - 5).
4
Evaluate 0 - 5 - -3 - -2.
0
2 - (-2 - (-10 + -3 + 3))
-6
14 - 24 - (0 + -1 + -4)
-5
Calculate -2 + (-2 - -2) + (45 - 53).
-10
What is the value of 7 + -5 + -4 + 1 - -4?
3
Evaluate (14 - 20) + (3 - 5).
-8
What is (11 - -1) + -3 - (15 - 9)?
3
What is -15 - (-7 + (8 - 9))?
-7
What is the value of (38 - 28) + (-11 - -1)?
0
(5 - 3) + -1 + -4 + 9
6
Evaluate (10 + -6 - 3) + -3.
-2
-6 - -1 - (2 - -2) - -4
-5
Calculate 5 + -5 - (4 + -6).
2
Calculate -2 - (1 + -7 - -1).
3
Evaluate 4 - (-6 + 4 - -7).
-1
11 + (-37 - -6 - -13)
-7
What is -1 + 1 + (-45 - -52)?
7
What is the value of -2 + (1 - (-3 + (-1 - -1)))?
2
(-2 + -15 + 6 - -5) + 6
0
What is 7 + 0 - (-192 - -196)?
3
2 - 6 - (-63 - -63)
-4
What is the value of 3 - ((2 - 1) + -39 + 40)?
1
Calculate 33 + -27 + 1 + 0.
7
Evaluate -3 + 6 + (2 - 3) + -4.
-2
What is -3 + -1 - (10 + (12 - 20))?
-6
Evaluate 2 + 6 + (7 - 14).
1
-7 + (-5 - 2) + 7
-7
What is 2 + -2 + -1 - (10 - 11)?
0
What is (1 - 0) + -3 + 4 + -2?
0
What is the value of (0 + (-2 - -1) - 1) + 0?
-2
What is the value of -4 - (-3 - 0) - -3?
2
What is 9 - (-15 + 14 - -12)?
-2
Evaluate -2 - ((12 - 16) + -2 + 2).
2
What is the value of -3 + -1 + 3 - (7 - 5)?
-3
(1 - 3) + (2 - 0) + 2
2
1 + (3 - 0) + 0 + -4
0
Calculate -2 + -4 - (1 + -9).
2
What is the value of 1 + (1 - 3) - -3?
2
Evaluate (-9 - 1) + (-10 - -14).
-6
Calculate -6 + (9 - 0) + -3.
0
What is -5 - (-3 + -1 + -46 + 45)?
0
What is the value of 4 + 3 - (2 + 0)?
5
Calculate 8 - (15 + (-17 - -11)).
-1
Evaluate 2 - (1 + 2) - (4 - 4).
-1
What is the value of -14 - -8 - -12 - 8?
-2
What is the value of -5 - -11 - (-5 - -7)?
4
Evaluate -14 - -13 - (1 - 2 - -4).
-4
Evaluate -1 - (-15 + -1) - (-64 - -71).
8
(6 - 0) + (63 - 79)
-10
What is the value of (8 + -4 - -4) + -2?
6
Calculate (-5 - -4 - -7) + (-1 - 0).
5
Calculate -16 + 4 + (6 - 0).
-6
2 + -2 + 28 + -29
-1
-3 - (6 + -3) - -4 - 0
-2
What is the value of 2 + (5 + -8 - 3)?
-4
Calculate (7 - 18) + 3 + 12.
4
What is the value of (17 - (-9 + 13)) + -11?
2
Evaluate 1 - ((2 - 4) + -2).
5
-2 + (-10 + 7 - (3 + -8))
0
Evaluate 1 + (2 - 1) - 6 - -10.
6
Evaluate -2 - (-8 + 6) - (-2 + 5).
-3
Calculate -2 + -3 + 0 - -4.
-1
-23 + 28 - (1 + 1) - 4
-1
What is (-2 - -11) + -10 + 0 + 0?
-1
What is -9 + -1 + (8 - 7)?
-9
What is -10 - (-30 + 35 - (5 + 0))?
-10
Calculate 0 + (-4 - -4) + -3.
-3
4 + 0 + (-6 - -6) - 8
-4
-2 + -7 + 3 - (-5 + 2)
-3
Evaluate 6 - (-34 + 32 + (1 - -5)).
2
Evaluate 1 + 5 - ((7 - 18) + 21).
-4
Evaluate (0 - 1) + 18 + -15.
2
(-7 - -3) + (-11 - -5 - -1)
-9
What is -4 + 1 - (0 + -1 + 2)?
-4
What is 11 + -8 + 7 - 7?
3
What is the value of 8 + 0 - ((12 - 2) + -9)?
7
13 + 2 - ((-10 - -8) + 10)
7
Evaluate -1 + (-2 - (-2 - -1)).
-2
Evaluate 2 + -4 + -3 + 6.
1
Evaluate 2 + -1 + (-20 - -16) - -4.
1
What is the value of 5 + -5 + (0 - (-2